{"id":37,"date":"2013-08-12T14:45:16","date_gmt":"2013-08-12T13:45:16","guid":{"rendered":"https:\/\/dev.icab.ch\/?page_id=37"},"modified":"2025-01-13T15:07:37","modified_gmt":"2025-01-13T14:07:37","slug":"conditions","status":"publish","type":"page","link":"https:\/\/icab.ch\/?page_id=37","title":{"rendered":"Conditions g\u00e9n\u00e9rales"},"content":{"rendered":"<h2>Les supports publicitaires<\/h2>\n<p>L\u2019ICAB\u00a0 dispose de 2 supports fixes pour la publicit\u00e9 temporaire, install\u00e9s aux endroits suivants\u00a0:<\/p>\n<ul>\n<li>Rte de la Rosi\u00e8re\u00a0 (Entr\u00e9e village depuis\u00a0Grolley)<\/li>\n<li>Rte de Fribourg\u00a0\u00a0\u00a0 (Entr\u00e9e village depuis Fribourg)<\/li>\n<\/ul>\n<p>Ces supports peuvent \u00eatre lou\u00e9s\u00a0 pour de la publicit\u00e9 temporaire ou pour la promotion de manifestations publiques. <strong>Il y a deux zones d&rsquo;affichage, une zone HAUTE r\u00e9serv\u00e9e aux commer\u00e7ants et une zone BASSE r\u00e9serv\u00e9e aux soci\u00e9t\u00e9s<\/strong>. Si la zone du haut n&rsquo;est pas r\u00e9serv\u00e9e, une soci\u00e9t\u00e9 peut l&rsquo;utiliser.<\/p>\n<p>Les publicit\u00e9s peuvent avoir les dimensions maximales suivantes\u00a0:<strong> longueur\u00a0 195 cm x largeur 100 cm<\/strong>. Elles doivent \u00eatre munies d\u2019\u0153illets renforc\u00e9s, permettant de les fixer au treillis du support au moyen de brides ou de liens.<\/p>\n<h2>Location des espaces<\/h2>\n<p>La demande de location est faite au moyen du formulaire en ligne sur le site de l\u2019ICAB.<\/p>\n<p>La dur\u00e9e minimale de location est <span style=\"color: #000000;\">d\u2019une semaine<\/span> et au maximum de deux semaines cons\u00e9cutives. En cas de trop forte demande, le comit\u00e9 de l&rsquo;ICAB se r\u00e9serve le droit de limiter le nombre de r\u00e9p\u00e9titions afin de favoriser tous les membres de l&rsquo;ICAB.<\/p>\n<p>Un annonceur peut \u00e0 nouveau r\u00e9server une ou deux semaines cons\u00e9cutives <strong>\u00e0 la fin<\/strong> de sa p\u00e9riode d&rsquo;affichage, si les ch\u00e2ssis sont disponibles. Il ne pourra pas r\u00e9server plus de 2 semaines par ann\u00e9e \u00e0 l&rsquo;avance. Le comit\u00e9 de l&rsquo;ICAB d\u00e9cide en cas d&rsquo;exceptions ou de litiges.<\/p>\n<p>Le prix de la location est \u00e0 payer \u00e0 l&rsquo;avance. Apr\u00e8s r\u00e9servation, l&rsquo;annonceur re\u00e7oit une facture pour paiement \u00e0 la r\u00e9ception. La r\u00e9servation n&rsquo;est confirm\u00e9e qu&rsquo;\u00e0 la r\u00e9ception du versement.<\/p>\n<h2>Obligations du locataire<\/h2>\n<p>Les banderoles sont pos\u00e9es par le locataire <strong>\u00e0 partir de 10h00 le jour pr\u00e9vu.<\/strong><\/p>\n<p>Le locataire assume toute responsabilit\u00e9 d\u00e9coulant de ses publicit\u00e9s, notamment\u00a0 pour des dommages que leur d\u00e9tachement inopin\u00e9 pourrait causer \u00e0 des tiers ou au support m\u00e9tallique. L&rsquo;annonceur est seul responsable de la qualit\u00e9 suffisante de sa banderole et de ses fixations. <span style=\"color: #ff0000;\"><em><strong>Pr\u00e9voir un escabot pour poser dans la zone haute. Ne poser en aucun cas la banderole au milieu du ch\u00e2ssis en empi\u00e9tant sur les deux zones.<\/strong><\/em><\/span><\/p>\n<p>Le locataire est seul responsable du contenu de son affichage et l&rsquo;ICAB d\u00e9cline toute responsabilit\u00e9 en ce sens. Les messages politiques, religieux ou contraires \u00e0 la morale sont interdits.<em> Le comit\u00e9 peut faire d\u00e9poser une banderole non conforme, la location n&rsquo;est pas rembours\u00e9e.<\/em><\/p>\n<p>Les banderoles sont enlev\u00e9es spontan\u00e9ment par l&rsquo;annonceur, <strong>au plus tard avant 10h00 le lundi. Un jour f\u00e9ri\u00e9 n&rsquo;est pas un motif de prolongation de l&rsquo;affichage. Lors de la d\u00e9pose, aucun d\u00e9chet de fixation (brides etc&#8230;) ne doit subsister sur le ch\u00e2ssis ou au sol (b\u00e9tail et respect de l&rsquo;environnement)<br \/>\n<\/strong><\/p>\n<p>Les publicit\u00e9s non enlev\u00e9es par le locataire dans le d\u00e9lai fix\u00e9 sont \u00f4t\u00e9es par l\u2019ICAB, aux frais du locataire (CHF 25.00\/emplacement).<\/p>\n<h2>Tarifs<\/h2>\n<h3>Membres ICAB et soci\u00e9t\u00e9s culturelles, sportives ou \u00e0 but non lucratif de Belfaux et La Sonnaz<\/h3>\n<p>Pour b\u00e9n\u00e9ficier du tarif membre ICAB, les soci\u00e9t\u00e9s doivent \u00eatre officielles (p.ex. appartenance au Giron des soci\u00e9t\u00e9s de Belfaux), avoir leur si\u00e8ge sur les communes de Belfaux ou de La Sonnaz et avoir un but non lucratif statutaire.<\/p>\n<h4><em><strong><span style=\"color: #000000;\">Prix par <\/span><span style=\"color: #ff0000;\">emplacement:<\/span><br \/>\n<\/strong><\/em><\/h4>\n<h4><em><strong>Membres ICAB\u00a0:\u00a0<\/strong><\/em><\/h4>\n<p>1 semaine\u00a0:\u00a0\u00a0\u00a0 \u00a0\u00a0 CHF\u00a0 100.00<br \/>\n2 semaines :\u00a0\u00a0\u00a0\u00a0 CHF\u00a0 150.00<\/p>\n<h4><em><strong>Soci\u00e9t\u00e9s\u00a0 culturelles, sportives ou \u00e0 but non lucratif :<\/strong><\/em><\/h4>\n<p>1 semaine :\u00a0\u00a0\u00a0 \u00a0\u00a0 CHF\u00a0 100.00<br \/>\nSemaine suppl\u00e9mentaire pour le m\u00eame \u00e9v\u00e9nement :\u00a0\u00a0\u00a0\u00a0 + CHF\u00a0 50.00\u00a0 par emplacement<\/p>\n<p><span style=\"color: #ff0000;\"><strong><span style=\"color: #000000;\">L&rsquo;ICAB propose un rabais de CHF 100.00 sur le montant total si l&rsquo;annonceur s&rsquo;engage \u00e0 afficher une banderole \u00ab\u00a0ICAB\u00a0\u00bb lors de son \u00e9v\u00e9nement. Ce choix est \u00e0 pr\u00e9ciser lors de la r\u00e9servation en le mentionnant express\u00e9ment.<\/span><\/strong><\/span><\/p>\n<p><em>Publicit\u00e9s non enlev\u00e9es par l&rsquo;annonceur dans le d\u00e9lai fix\u00e9\u00a0: CHF 25.00 par emplacement<\/em><\/p>\n<h4><b><em>Non-membres ICAB\u00a0:<\/em> <\/b><\/h4>\n<p>1 semaine\u00a0:\u00a0\u00a0\u00a0 \u00a0 \u00a0 CHF\u00a0 200.00<br \/>\n2 semaines :\u00a0\u00a0\u00a0\u00a0\u00a0 CHF\u00a0 300.00<\/p>\n<p><em>Publicit\u00e9s non enlev\u00e9es par le locataire dans le d\u00e9lai fix\u00e9\u00a0: CHF 25.00 par emplacement<\/em><\/p>\n<p><strong>Validit\u00e9 des tarifs<\/strong>: l&rsquo;ICAB se r\u00e9serve le droit de modifier les prix et\/ou les conditions g\u00e9n\u00e9rales sans pr\u00e9avis. \u00a0 (<em>Etat mai 2024)<\/em><\/p>\n","protected":false},"excerpt":{"rendered":"<p>Les supports publicitaires L\u2019ICAB\u00a0 dispose de 2 supports fixes pour la publicit\u00e9 temporaire, install\u00e9s aux endroits suivants\u00a0: Rte de la Rosi\u00e8re\u00a0 (Entr\u00e9e village depuis\u00a0Grolley) Rte de Fribourg\u00a0\u00a0\u00a0 (Entr\u00e9e village depuis Fribourg) Ces supports peuvent \u00eatre lou\u00e9s\u00a0 pour de la publicit\u00e9 temporaire ou pour la promotion de manifestations publiques. Il y a deux zones d&rsquo;affichage, une &hellip; <a href=\"https:\/\/icab.ch\/?page_id=37\" class=\"more-link\">Continuer la lecture de <span class=\"screen-reader-text\">Conditions g\u00e9n\u00e9rales<\/span> <span class=\"meta-nav\">&rarr;<\/span><\/a><\/p>\n","protected":false},"author":1,"featured_media":0,"parent":0,"menu_order":0,"comment_status":"closed","ping_status":"closed","template":"","meta":{"footnotes":""},"_links":{"self":[{"href":"https:\/\/icab.ch\/index.php?rest_route=\/wp\/v2\/pages\/37"}],"collection":[{"href":"https:\/\/icab.ch\/index.php?rest_route=\/wp\/v2\/pages"}],"about":[{"href":"https:\/\/icab.ch\/index.php?rest_route=\/wp\/v2\/types\/page"}],"author":[{"embeddable":true,"href":"https:\/\/icab.ch\/index.php?rest_route=\/wp\/v2\/users\/1"}],"replies":[{"embeddable":true,"href":"https:\/\/icab.ch\/index.php?rest_route=%2Fwp%2Fv2%2Fcomments&post=37"}],"version-history":[{"count":23,"href":"https:\/\/icab.ch\/index.php?rest_route=\/wp\/v2\/pages\/37\/revisions"}],"predecessor-version":[{"id":648,"href":"https:\/\/icab.ch\/index.php?rest_route=\/wp\/v2\/pages\/37\/revisions\/648"}],"wp:attachment":[{"href":"https:\/\/icab.ch\/index.php?rest_route=%2Fwp%2Fv2%2Fmedia&parent=37"}],"curies":[{"name":"wp","href":"https:\/\/api.w.org\/{rel}","templated":true}]}}