{"id":4,"date":"2013-08-12T13:29:40","date_gmt":"2013-08-12T12:29:40","guid":{"rendered":"https:\/\/dev.icab.ch\/?page_id=4"},"modified":"2022-05-20T13:03:16","modified_gmt":"2022-05-20T12:03:16","slug":"presentation","status":"publish","type":"page","link":"https:\/\/icab.ch\/","title":{"rendered":"Pr\u00e9sentation"},"content":{"rendered":"<h2>Qu\u2019est-ce que l\u2019ICAB ?<\/h2>\n<p>C\u2019est sous cette appellation que les ind\u00e9pendants, commer\u00e7ants et artisans de Belfaux et environs ont d\u00e9cid\u00e9 de se r\u00e9unir et de fonder une association.<\/p>\n<p>L\u2019ICAB\u00a0est forte de\u00a0<strong> plus de 50 membres<\/strong>.\u00a0L&rsquo;objectif est de rassembler les ind\u00e9pendants, commer\u00e7ants et artisans de Belfaux, Autafond et La Sonnaz afin de promouvoir le commerce et l\u2019artisanat. Il s\u2019agit de d\u00e9velopper les relations entre les membres en vue d\u2019organiser des actions communes pour la promotion des entreprises ainsi que de cr\u00e9er un lobby qui est un partenaire \u00e0 part enti\u00e8re dont les attentes doivent \u00eatre\u00a0\u00e9cout\u00e9es et prises en consid\u00e9ration\u00a0par les autorit\u00e9s politiques.<\/p>\n<p>Voici quelques exemples de nos activit\u00e9s\u00a0:<\/p>\n<ul>\n<li>La Gazette<\/li>\n<li>Panneaux publicitaires aux entr\u00e9es du village<\/li>\n<li>Cours \/d\u00e9monstrations<\/li>\n<li>Belfaux-Belf\u00eate et autres manifestations<\/li>\n<li>AG avec souper<\/li>\n<\/ul>\n<p>Les membres de l\u2019ICAB mettent tout en oeuvre pour satisfaire et fid\u00e9liser leur client\u00e8le :<\/p>\n<ul>\n<li>Qualit\u00e9 des produits et services<\/li>\n<li>Sens de l\u2019accueil<\/li>\n<li>Proximit\u00e9<\/li>\n<\/ul>\n<h2>Envie de rejoindre l\u2019ICAB ?<\/h2>\n<p>Pour donner encore plus de poids \u00e0 nos diff\u00e9rentes d\u00e9marches et r\u00e9alisations, il est n\u00e9cessaire de pouvoir compter sur la pr\u00e9sence solidaire de tous les ind\u00e9pendants, commer\u00e7ants et artisans de Belfaux, Autafond et La Sonnaz.<br \/>\nL\u2019union fait la force !<\/p>\n<div>\n<div>\n<p>Vous pouvez prendre connaissance des statuts de l\u2019association en t\u00e9l\u00e9chargeant le document suivant: <a href=\"https:\/\/icab.ch\/wp-content\/uploads\/2013\/08\/Statuts_ICAB2017.pdf\">statuts 2017<\/a><\/p>\n<\/div>\n<\/div>\n<p><strong>Conditions d\u2019inscription :<\/strong><\/p>\n<ul>\n<li>\u00eatre ind\u00e9pendant, commer\u00e7ant ou artisan<\/li>\n<li>domicili\u00e9 et\/ou exer\u00e7ant une activit\u00e9 sur le territoire des communes de Belfaux, d&rsquo;Autafond ou de La Sonnaz<\/li>\n<\/ul>\n<p><a title=\"Devenir membre\" href=\"https:\/\/icab.ch\/?page_id=186\">Formulaire d&rsquo;inscription<\/a><\/p>\n","protected":false},"excerpt":{"rendered":"<p>Qu\u2019est-ce que l\u2019ICAB ? C\u2019est sous cette appellation que les ind\u00e9pendants, commer\u00e7ants et artisans de Belfaux et environs ont d\u00e9cid\u00e9 de se r\u00e9unir et de fonder une association. L\u2019ICAB\u00a0est forte de\u00a0 plus de 50 membres.\u00a0L&rsquo;objectif est de rassembler les ind\u00e9pendants, commer\u00e7ants et artisans de Belfaux, Autafond et La Sonnaz afin de promouvoir le commerce et &hellip; <a href=\"https:\/\/icab.ch\/\" class=\"more-link\">Continuer la lecture de <span class=\"screen-reader-text\">Pr\u00e9sentation<\/span> <span class=\"meta-nav\">&rarr;<\/span><\/a><\/p>\n","protected":false},"author":1,"featured_media":0,"parent":0,"menu_order":0,"comment_status":"closed","ping_status":"closed","template":"","meta":{"footnotes":""},"_links":{"self":[{"href":"https:\/\/icab.ch\/index.php?rest_route=\/wp\/v2\/pages\/4"}],"collection":[{"href":"https:\/\/icab.ch\/index.php?rest_route=\/wp\/v2\/pages"}],"about":[{"href":"https:\/\/icab.ch\/index.php?rest_route=\/wp\/v2\/types\/page"}],"author":[{"embeddable":true,"href":"https:\/\/icab.ch\/index.php?rest_route=\/wp\/v2\/users\/1"}],"replies":[{"embeddable":true,"href":"https:\/\/icab.ch\/index.php?rest_route=%2Fwp%2Fv2%2Fcomments&post=4"}],"version-history":[{"count":20,"href":"https:\/\/icab.ch\/index.php?rest_route=\/wp\/v2\/pages\/4\/revisions"}],"predecessor-version":[{"id":513,"href":"https:\/\/icab.ch\/index.php?rest_route=\/wp\/v2\/pages\/4\/revisions\/513"}],"wp:attachment":[{"href":"https:\/\/icab.ch\/index.php?rest_route=%2Fwp%2Fv2%2Fmedia&parent=4"}],"curies":[{"name":"wp","href":"https:\/\/api.w.org\/{rel}","templated":true}]}}

Présentation

<h2>Qu’est-ce que l’ICAB ?</h2>
<p>C’est sous cette appellation que les indépendants, commerçants et artisans de Belfaux et environs ont décidé de se réunir et de fonder une association.</p>
<p>L’ICAB est forte de <strong> plus de 50 membres</strong>. L&rsquo;objectif est de rassembler les indépendants, commerçants et artisans de Belfaux, Autafond et La Sonnaz afin de promouvoir le commerce et l’artisanat. Il s’agit de développer les relations entre les membres en vue d’organiser des actions communes pour la promotion des entreprises ainsi que de créer un lobby qui est un partenaire à part entière dont les attentes doivent être écoutées et prises en considération par les autorités politiques.</p>
<p>Voici quelques exemples de nos activités :</p>
<ul>
<li>La Gazette</li>
<li>Panneaux publicitaires aux entrées du village</li>
<li>Cours /démonstrations</li>
<li>Belfaux-Belfête et autres manifestations</li>
<li>AG avec souper</li>
</ul>
<p>Les membres de l’ICAB mettent tout en oeuvre pour satisfaire et fidéliser leur clientèle :</p>
<ul>
<li>Qualité des produits et services</li>
<li>Sens de l’accueil</li>
<li>Proximité</li>
</ul>
<h2>Envie de rejoindre l’ICAB ?</h2>
<p>Pour donner encore plus de poids à nos différentes démarches et réalisations, il est nécessaire de pouvoir compter sur la présence solidaire de tous les indépendants, commerçants et artisans de Belfaux, Autafond et La Sonnaz.<br />
L’union fait la force !</p>
<div>
<div>
<p>Vous pouvez prendre connaissance des statuts de l’association en téléchargeant le document suivant: <a href="https://icab.ch/wp-content/uploads/2013/08/Statuts_ICAB2017.pdf">statuts 2017</a></p>
</div>
</div>
<p><strong>Conditions d’inscription :</strong></p>
<ul>
<li>être indépendant, commerçant ou artisan</li>
<li>domicilié et/ou exerçant une activité sur le territoire des communes de Belfaux, d&rsquo;Autafond ou de La Sonnaz</li>
</ul>
<p><a title="Devenir membre" href="https://icab.ch/?page_id=186">Formulaire d&rsquo;inscription</a></p>

<p>Qu’est-ce que l’ICAB ? C’est sous cette appellation que les indépendants, commerçants et artisans de Belfaux et environs ont décidé de se réunir et de fonder une association. L’ICAB est forte de  plus de 50 membres. L&rsquo;objectif est de rassembler les indépendants, commerçants et artisans de Belfaux, Autafond et La Sonnaz afin de promouvoir le commerce et &hellip; <a href="https://icab.ch/" class="more-link">Continuer la lecture de <span class="screen-reader-text">Présentation</span> <span class="meta-nav">&rarr;</span></a></p>
